emainder when -3 + (176/84 - -1) + 1637275/1659 is divided by 201.
183
Let o(v) = -v**2 - 5*v - 2. Let q be o(-3). Suppose q*f - 2*f = 330. Suppose f = -10*l + 15*l. Calculate the remainder when l is divided by 18.
15
Let c(h) = 6*h**2 - 205*h + 50. What is the remainder when 511 is divided by c(34)?
15
Let z(u) = -u**3 + 38*u**2 + 221*u - 123. Calculate the remainder when 681 is divided by z(43).
6
Let j(z) = z**3 - 11*z**2 - 56*z + 502. What is the remainder when j(14) is divided by 124?
58
Suppose 2*n - 2*j = 82, -2*n - 5*j + 148 = 52. Let i = 19788 + -19771. What is the remainder when n is divided by i?
9
Let n be (-1)/1*(13 - 4/(-1)). Let v be (-27 - n) + (1 - 1). What is the remainder when 80 is divided by 1 + v/12 - 426/(-36)?
8
Let t = -2793 - -2874. What is the remainder when 158 is divided by t?
77
Let p = 32 - 16. Let n = 36 + 16. Suppose -6*f + n = -308. Calculate the remainder when f is divided by p.
12
Let r(j) = -4*j**3 + j**2 + j - 3. Let s = 29 + -46. Let b(w) = w**2 + 15*w + 25. What is the remainder when b(s) is divided by r(-2)?
28
Suppose -3*x - 11 = -14*x. Suppose -3*r = -5*s + 1, s = r - x + 2. What is the remainder when 133 + -112 + r/(-1 - -3) is divided by 5?
0
Suppose 8*b - 5*b = -2*k + 175, -4*b = -2*k + 140. What is the remainder when k is divided by 22?
14
Calculate the remainder when 915 is divided by ((-3952)/130)/((-2)/20).
3
Let g = -110 + 104. Calculate the remainder when 20 is divided by (-9)/g*338/39.
7
Suppose -89*x = -9077 + 3184 - 4431. What is the remainder when 1164 is divided by x?
4
Let j(k) = 2*k**2 - 47*k + 50. Let b be j(26). Let u = 306 - b. Calculate the remainder when u is divided by 65.
61
Let p = -131 + 135. Suppose -911 = -p*z - 203. What is the remainder when z is divided by 45?
42
Let d(k) = 5*k + 59. Calculate the remainder when 1170 is divided by d(-9).
8
Let n = 495 - 294. Calculate the remainder when 374 is divided by n.
173
Suppose 0 = -96*c + 99*c - 150. Let i = c - -64. Calculate the remainder when i is divided by 39.
36
Suppose -d + 1561 = 4*r + 604, -3*r + 2889 = 3*d. What is the remainder when d is divided by 57?
53
Suppose -416 = -o + 5*o. What is the remainder when ((-34)/8)/(13/o) is divided by 21?
13
Let q(r) = -r**3 - 5*r**2 - 2*r - 26. Let p be q(-8). Let o = 230 - p. What is the remainder when o is divided by 17?
14
Suppose -238*d + 5063 = -5353 + 3514. Let u = 123 - 65. Suppose 8 = -5*r + u. Calculate the remainder when d is divided by r.
9
Let s(f) = -f**3 + 163*f**2 - 159*f - 270. Calculate the remainder when 1094 is divided by s(162).
14
Let t be (4/6)/((-4)/(-546)). Calculate the remainder when 34 is divided by (-13)/(t/(-18))*(-14)/(-3).
10
Suppose -60*l + 311659 = -125321. What is the remainder when l is divided by 47?
45
Suppose -2340 = -3*q + 3*h, -2*h + 2384 = 3*q + 74. Calculate the remainder when q is divided by 172.
86
Suppose -3*y = -5*c + 93, 0 = 3*c + 2*y - 50 - 2. Calculate the remainder when -4 + -9 + 14 + 105 is divided by c.
16
Let d = 170 - 168. What is the remainder when ((-110)/33)/(d/(-30)) is divided by 8?
2
Let l = -9 + 29. Let f(r) = r**2 - 27*r + 149. Calculate the remainder when f(23) is divided by l.
17
Let i(u) = 104*u + 3232. What is the remainder when i(-30) is divided by 34?
10
Suppose -38*z + 39*z = -4*i + 1133, 0 = -i - 6. Calculate the remainder when z is divided by 283.
25
Suppose 3*v = 3*i + 6, 2*i - 12 = -3*v - 1. Suppose -v*d = -5*c + 687, -4*c + 3*d - 417 = -7*c. What is the remainder when c is divided by 35?
33
Suppose 0 = -19*p + 1648 + 2513. Calculate the remainder when p is divided by 133.
86
Suppose -2*c = -3*l - 73, 5*l - 6*c + 5*c = -131. Let i be (-2 - -4)*70/4. Let y = i + l. Calculate the remainder when 15 is divided by y.
7
Let c be (-49 + 1)*1/2. Let z = c - -43. Suppose -3*d + v + 45 = 0, 0 = -2*d + 5*v + 64 + 31. What is the remainder when z is divided by d?
9
Let c be (6/(-8))/(1/(-44)). Let j = 76 - c. Let z(y) = -260*y + 14338. What is the remainder when z(54) is divided by j?
40
Let k(y) = -y**3 - 6*y**2 - 1. Let h be k(-6). Let i = h + 4. What is the remainder when 12 is divided by i?
0
Suppose 0 = -3*n + 5*n - 2*f - 302, n + 5*f = 139. Calculate the remainder when 161 is divided by n.
12
Suppose l + 51 - 124 = 0. What is the remainder when l is divided by (-2)/(-24) - 215/(-12) - -3?
10
Suppose 22*b + 158 - 153 - 225 = 0. Calculate the remainder when 45 is divided by b.
5
Let s(y) = -2*y**2 - 118*y + 11. Suppose 5*z - 9 = 2*z. Calculate the remainder when s(-59) is divided by z.
2
Suppose 21*r = 2*r - 616 + 2383. Calculate the remainder when 570 is divided by r.
12
Let l(y) = 2*y**2 - 36*y - 362. What is the remainder when (-2)/(-6) + 173/3 is divided by l(26)?
4
Let h(s) = 27*s**3 - 17*s**2 + 9*s - 3. What is the remainder when h(3) is divided by 216?
168
Calculate the remainder when -157*((-3)/(-9) - 380/60) is divided by 43.
39
Suppose -5*s - 4*q + 279 = 44, 3*q + 188 = 4*s. Suppose 81 = 22*t - 205. Calculate the remainder when s is divided by t.
8
Suppose -4*k = k + 20, -505 = -m - 5*k. Suppose 91*n = 98*n - m. Calculate the remainder when n is divided by 26.
23
Suppose -6 = 5*d - 2*o, -d - 3 - 6 = -3*o. Suppose -4*y + 5*k + 396 = d, 2*y - 2*k = 83 + 113. What is the remainder when y is divided by 26?
16
Suppose k = -5*q + 61, -4*k + 200 = -k - 2*q. Suppose -2*m + 3*w = 113 - 366, -5*w = 5*m - 670. Calculate the remainder when m is divided by k.
65
Let h(i) = -14*i**3 + 3*i**2 - 3*i. Let g be h(-4). Let d = g - 934. Calculate the remainder when d is divided by 21.
1
Let l(b) = 30*b**2 - 11*b - 30. What is the remainder when 16686 is divided by l(-2)?
110
Let v = 13427 + -13169. Calculate the remainder when v is divided by 8.
2
Let d = -95 - -417. Suppose 9*l - 488 - d = 0. Calculate the remainder when l is divided by 24.
18
Calculate the remainder when ((-156)/(-10))/((-14)/(-490)*7) is divided by 44.
34
Suppose 0 = 4*i + 5 - 1. Let g(b) = -b**2 + 10*b - 13. Let x be g(9). What is the remainder when i/x - ((-4059)/12)/3 is divided by 23?
21
Let n be -5*-3*(-1 + 2). Let u(q) = -q**3 + 16*q**2 - 14*q + 13. Let x(g) = 2*g + 29. Calculate the remainder when u(n) is divided by x(-7).
13
Let u(m) = -3*m**3 + m**2 + 4*m - 8. Let q be u(-4). Suppose -3*z + q = 5*b, -2*b - 6*z + z = -85. What is the remainder when -130*1/((-5)/4) is divided by b?
34
Suppose 0 = 68*a - 5113 - 3863. What is the remainder when a is divided by 30?
12
Suppose -2*k + 268 = -l, 0 = 4*k + 2741*l - 2737*l - 548. Suppose -61 = -b - 3*r, -5*r - 15 = -2*b + 52. What is the remainder when k is divided by b?
43
Suppose -32 = -2*a - 3*b + 8, b = -2*a + 36. Let w be 4 + (-14)/(-3)*21. Let x = w + -71. Calculate the remainder when x is divided by a.
14
Let n = 54 - -2. Suppose 114*y - 65*y + 21 = 1148. What is the remainder when n is divided by y?
10
Let m(z) = -2*z**2 - 12*z + 12. Let x be m(-6). Suppose 0 = -2*t - 2*f + 20, 0 = t + 4*f + 2 - x. Calculate the remainder when 50 is divided by t.
0
Let f(g) = -g**3 + 17*g**2 - 5*g + 3. Suppose -5*s - 13 = -93. Calculate the remainder when f(s) is divided by 48.
35
Let l(n) = 5*n**2 - 7. Suppose -2*z - 9*k + 1330 = -4*k, 5*z + 2*k - 3283 = 0. What is the remainder when z is divided by l(-4)?
71
Let g = 336 + -203. Suppose y = -4*z + 127, -5*z = -z + 3*y - g. Calculate the remainder when 120 is divided by z.
27
Suppose 175*w = 165*w + 3100. Suppose 4*a + 40 - w = 5*x, 5*a = x + 327. What is the remainder when a is divided by 16?
1
Suppose -x - 3*x = -100. What is the remainder when ((-74)/3*(-37 - -31))/(1 - -1) is divided by x?
24
Let g(k) = 11*k**2 - 11*k - 12*k**2 + 0*k**2 - 7 + 2*k**2. Let b be g(16). Let s = b + -56. What is the remainder when 31 is divided by s?
14
Let l be 79/(-11) + (-6)/(-33). Let r = -1 + l. Let t = r - -43. What is the remainder when t is divided by 9?
8
Suppose 2*c + 446 = 2*z, -2*z - 7*c = 3*z - 1043. What is the remainder when z is divided by 28?
21
Let m(l) = 281*l**2 - 550*l**2 + 271*l**2 - 9*l - 2. Calculate the remainder when m(7) is divided by 12.
9
Let n = 350 - 72. Let a = n - 247. Calculate the remainder when 99 is divided by a.
6
Suppose -2*k + 206 - 650 = 0. Let u = -183 - k. What is the remainder when 191 is divided by u?
35
Let x = 449 - 418. Let n = 10 + -